{"id":6009,"date":"2021-08-08T11:54:42","date_gmt":"2021-08-08T09:54:42","guid":{"rendered":"https:\/\/bazanakrakowskiej.pl\/?page_id=6009"},"modified":"2023-10-10T10:05:01","modified_gmt":"2023-10-10T08:05:01","slug":"mamo-tato-jedz-i-zalatwiaj","status":"publish","type":"page","link":"https:\/\/bazanakrakowskiej.pl\/index.php\/mamo-tato-jedz-i-zalatwiaj\/","title":{"rendered":"Mamo, Tato- jed\u017a i za\u0142atwiaj"},"content":{"rendered":"[vc_row type=&#8221;full_width_background&#8221; full_screen_row_position=&#8221;middle&#8221; column_margin=&#8221;default&#8221; column_direction=&#8221;default&#8221; column_direction_tablet=&#8221;default&#8221; column_direction_phone=&#8221;default&#8221; bg_color=&#8221;#ffffff&#8221; scene_position=&#8221;center&#8221; top_padding=&#8221;8%&#8221; constrain_group_1=&#8221;yes&#8221; bottom_padding=&#8221;8%&#8221; text_color=&#8221;dark&#8221; text_align=&#8221;left&#8221; row_border_radius=&#8221;none&#8221; row_border_radius_applies=&#8221;bg&#8221; overlay_strength=&#8221;0.8&#8243; gradient_direction=&#8221;left_to_right&#8221; shape_divider_position=&#8221;bottom&#8221; bg_image_animation=&#8221;none&#8221; shape_type=&#8221;&#8221;][vc_column column_padding=&#8221;no-extra-padding&#8221; column_padding_tablet=&#8221;inherit&#8221; column_padding_phone=&#8221;inherit&#8221; column_padding_position=&#8221;all&#8221; column_element_spacing=&#8221;default&#8221; background_color_opacity=&#8221;1&#8243; background_hover_color_opacity=&#8221;1&#8243; column_shadow=&#8221;none&#8221; column_border_radius=&#8221;none&#8221; column_link_target=&#8221;_self&#8221; gradient_direction=&#8221;left_to_right&#8221; overlay_strength=&#8221;0.3&#8243; width=&#8221;1\/1&#8243; tablet_width_inherit=&#8221;default&#8221; tablet_text_alignment=&#8221;default&#8221; phone_text_alignment=&#8221;default&#8221; bg_image_animation=&#8221;none&#8221; border_type=&#8221;simple&#8221; column_border_width=&#8221;none&#8221; column_border_style=&#8221;solid&#8221;][vc_row_inner column_margin=&#8221;default&#8221; column_direction=&#8221;default&#8221; column_direction_tablet=&#8221;default&#8221; column_direction_phone=&#8221;default&#8221; text_align=&#8221;left&#8221;][vc_column_inner column_padding=&#8221;no-extra-padding&#8221; column_padding_tablet=&#8221;inherit&#8221; column_padding_phone=&#8221;inherit&#8221; column_padding_position=&#8221;all&#8221; column_element_spacing=&#8221;default&#8221; background_color_opacity=&#8221;1&#8243; background_hover_color_opacity=&#8221;1&#8243; column_shadow=&#8221;none&#8221; column_border_radius=&#8221;none&#8221; column_link_target=&#8221;_self&#8221; gradient_direction=&#8221;left_to_right&#8221; overlay_strength=&#8221;0.3&#8243; width=&#8221;1\/4&#8243; tablet_width_inherit=&#8221;default&#8221; bg_image_animation=&#8221;none&#8221; border_type=&#8221;simple&#8221; column_border_width=&#8221;none&#8221; column_border_style=&#8221;solid&#8221;][image_with_animation image_url=&#8221;6000&#8243; animation=&#8221;Fade In&#8221; hover_animation=&#8221;none&#8221; alignment=&#8221;&#8221; border_radius=&#8221;none&#8221; box_shadow=&#8221;none&#8221; image_loading=&#8221;default&#8221; max_width=&#8221;100%&#8221; max_width_mobile=&#8221;default&#8221;][\/vc_column_inner][vc_column_inner column_padding=&#8221;no-extra-padding&#8221; column_padding_tablet=&#8221;inherit&#8221; column_padding_phone=&#8221;inherit&#8221; column_padding_position=&#8221;all&#8221; column_element_spacing=&#8221;default&#8221; background_color_opacity=&#8221;1&#8243; background_hover_color_opacity=&#8221;1&#8243; column_shadow=&#8221;none&#8221; column_border_radius=&#8221;none&#8221; column_link_target=&#8221;_self&#8221; gradient_direction=&#8221;left_to_right&#8221; overlay_strength=&#8221;0.3&#8243; width=&#8221;3\/4&#8243; tablet_width_inherit=&#8221;default&#8221; bg_image_animation=&#8221;none&#8221; border_type=&#8221;simple&#8221; column_border_width=&#8221;none&#8221; column_border_style=&#8221;solid&#8221;][vc_column_text]\n<p style=\"text-align: center;\"><strong>Mamo, tato jed\u017a i za\u0142atwiaj<\/strong><\/p>\n<p>Projekt \u201eMamo, tato jed\u017a i za\u0142atwiaj\u201d to zapewnienie fachowej opieki dzieciom w wieku 3- 5 lat, po to aby rodzice mogli za\u0142atwi\u0107 swoje sprawy, maj\u0105c pewno\u015b\u0107, \u017ce ich dzieci s\u0105 w dobrych r\u0119kach.<br \/>\nWyjazd do lekarza, do sklepu czy po prostu ch\u0119\u0107 pobycia samemu.<\/p>\n<p>Zapraszamy maluszki w wieku od 3-5 lat, w godz. 10-17 od poniedzia\u0142ku do pi\u0105tku.<\/p>\n<p>Specjalna sala dostosowana do zabaw najm\u0142odszych, wyposa\u017cona w m\u0105dre zabawki i przemy\u015blane pomoce edukacyjne sprawi, \u017ce dziecko b\u0119dzie czu\u0142o si\u0119 bezpiecznie i przyjemnie sp\u0119dzi czas.<\/p>\n<p>Prosimy aby dziecko mia\u0142o ze sob\u0105:<br \/>\n-kapcie i ubranko na zmian\u0119,<br \/>\n-ulubion\u0105 maskotk\u0119,<br \/>\n-wod\u0119 do picia,<br \/>\n-przek\u0105ski lub drugie \u015bniadanie<\/p>\n<p>Mamo, tato za\u0142atwcie spokojnie swoje sprawy, zaopiekujemy si\u0119 Waszymi dzie\u0107mi :)[\/vc_column_text][\/vc_column_inner][\/vc_row_inner][vc_row_inner column_margin=&#8221;none&#8221; column_direction=&#8221;default&#8221; column_direction_tablet=&#8221;default&#8221; column_direction_phone=&#8221;default&#8221; text_align=&#8221;left&#8221;][vc_column_inner column_padding=&#8221;no-extra-padding&#8221; column_padding_tablet=&#8221;inherit&#8221; column_padding_phone=&#8221;inherit&#8221; column_padding_position=&#8221;all&#8221; column_element_spacing=&#8221;default&#8221; background_color_opacity=&#8221;1&#8243; background_hover_color_opacity=&#8221;1&#8243; column_shadow=&#8221;none&#8221; column_border_radius=&#8221;none&#8221; column_link_target=&#8221;_self&#8221; gradient_direction=&#8221;left_to_right&#8221; overlay_strength=&#8221;0.3&#8243; width=&#8221;1\/1&#8243; tablet_width_inherit=&#8221;default&#8221; bg_image_animation=&#8221;none&#8221; enable_animation=&#8221;true&#8221; animation=&#8221;fade-in-from-bottom&#8221; border_type=&#8221;simple&#8221; column_border_width=&#8221;none&#8221; column_border_style=&#8221;solid&#8221;][vc_text_separator title=&#8221;Cennik&#8221;][nectar_horizontal_list_item columns=&#8221;4&#8243; column_layout_using_4_columns=&#8221;even&#8221; col_1_text_align=&#8221;left&#8221; col_2_text_align=&#8221;center&#8221; col_3_text_align=&#8221;left&#8221; col_4_text_align=&#8221;right&#8221; col_1_text_element=&#8221;h3&#8243; col_2_text_element=&#8221;p&#8221; col_3_text_element=&#8221;p&#8221; col_4_text_element=&#8221;p&#8221; font_family=&#8221;p&#8221; hover_effect=&#8221;full_border&#8221; hover_color=&#8221;accent-color&#8221; border_radius=&#8221;5px&#8221; icon_family=&#8221;iconsmind&#8221; icon_size=&#8221;large&#8221; col_1_content=&#8221;Abonament 1&#8243; col_2_content=&#8221;Pakiet 60 h&#8221; col_3_content=&#8221;599 z\u0142 (1h-10 z\u0142)&#8221; icon_iconsmind=&#8221;iconsmind-Dry&#8221; col_4_content=&#8221;- pobyt w wybrane dni (pon.-pt.) w dowolnych godzinach funkcjonowania (mi\u0119dzy 10-17),-wa\u017cno\u015b\u0107 abonamentu 60 dni&#8221;][nectar_horizontal_list_item columns=&#8221;4&#8243; column_layout_using_4_columns=&#8221;even&#8221; col_1_text_align=&#8221;left&#8221; col_2_text_align=&#8221;center&#8221; col_3_text_align=&#8221;left&#8221; col_4_text_align=&#8221;right&#8221; col_1_text_element=&#8221;h3&#8243; col_2_text_element=&#8221;p&#8221; col_3_text_element=&#8221;p&#8221; col_4_text_element=&#8221;p&#8221; font_family=&#8221;p&#8221; hover_effect=&#8221;full_border&#8221; hover_color=&#8221;accent-color&#8221; border_radius=&#8221;5px&#8221; icon_family=&#8221;iconsmind&#8221; icon_size=&#8221;large&#8221; col_1_content=&#8221;Abonament 2&#8243; col_2_content=&#8221;Pakiet 30h&#8221; col_3_content=&#8221;350 z\u0142 (1h \u2013 11 z\u0142)&#8221; icon_iconsmind=&#8221;iconsmind-Dry&#8221; col_4_content=&#8221;- pobyt w wybrane dni (pon.-pt.) w dowolnych godzinach funkcjonowania (mi\u0119dzy 10-17),-wa\u017cno\u015b\u0107 abonamentu 30 dni&#8221;][nectar_horizontal_list_item columns=&#8221;4&#8243; column_layout_using_4_columns=&#8221;even&#8221; col_1_text_align=&#8221;left&#8221; col_2_text_align=&#8221;center&#8221; col_3_text_align=&#8221;left&#8221; col_4_text_align=&#8221;right&#8221; col_1_text_element=&#8221;h3&#8243; col_2_text_element=&#8221;p&#8221; col_3_text_element=&#8221;p&#8221; col_4_text_element=&#8221;p&#8221; font_family=&#8221;p&#8221; hover_effect=&#8221;full_border&#8221; hover_color=&#8221;accent-color&#8221; border_radius=&#8221;5px&#8221; icon_family=&#8221;iconsmind&#8221; icon_size=&#8221;large&#8221; col_2_content=&#8221;1 dzie\u0144&#8221; col_3_content=&#8221;99 z\u0142&#8221; icon_iconsmind=&#8221;iconsmind-Dry&#8221; col_4_content=&#8221;- pobyt w godz. 10-17&#8243;][nectar_horizontal_list_item columns=&#8221;4&#8243; column_layout_using_4_columns=&#8221;even&#8221; col_1_text_align=&#8221;left&#8221; col_2_text_align=&#8221;center&#8221; col_3_text_align=&#8221;left&#8221; col_4_text_align=&#8221;right&#8221; col_1_text_element=&#8221;h3&#8243; col_2_text_element=&#8221;p&#8221; col_3_text_element=&#8221;p&#8221; col_4_text_element=&#8221;p&#8221; font_family=&#8221;p&#8221; hover_effect=&#8221;full_border&#8221; hover_color=&#8221;accent-color&#8221; border_radius=&#8221;5px&#8221; icon_family=&#8221;iconsmind&#8221; icon_size=&#8221;large&#8221; col_2_content=&#8221;1 godzina&#8221; col_3_content=&#8221;20 z\u0142 \/ Rodze\u0144stwo 30 z\u0142&#8221; icon_iconsmind=&#8221;iconsmind-Dry&#8221; col_4_content=&#8221;-pobyt w godz. 10-17&#8243;][vc_text_separator title=&#8221;Regulamin&#8221; css=&#8221;.vc_custom_1629143031041{margin-top: 20px !important;margin-bottom: 20px !important;}&#8221;][\/vc_column_inner][\/vc_row_inner][vc_column_text]\n<ol>\n<li>Opieka funkcjonuje w godz. 10.00 &#8211; 17.00 od poniedzia\u0142ku do pi\u0105tku.<\/li>\n<li>Przyjmujemy dzieci w wieku od 3- 5 lat.<\/li>\n<li>Obowi\u0105zkiem rodzica jest zapewni\u0107 dziecku wyprawk\u0119 w sk\u0142ad kt\u00f3rej wchodz\u0105: obuwie zamienne, komplet ubranek na zmian\u0119, butelk\u0119 lub kubek, przek\u0105sk\u0119 lub drugie \u015bniadanie, ulubion\u0105 przytulank\u0119.<\/li>\n<li>Kwota za pobyt p\u0142atna z g\u00f3ry (wed\u0142ug cennika).<\/li>\n<li>Istnieje mo\u017cliwo\u015b\u0107 rezerwacji konkretnego dnia pobytu.<\/li>\n<li>Zapraszamy dzieci bez jakichkolwiek objaw\u00f3w infekcji. Z opieki mog\u0105 korzysta\u0107 jedynie dzieci zdrowe, nie wymagaj\u0105ce opieki medycznej ( nie maj\u0105ce kataru, gor\u0105czki, biegunki, wymiot\u00f3w)<\/li>\n<li>Przypominamy o bezproblemowej mo\u017cliwo\u015bci zmiany terminu rezerwacji w razie niepewnej sytuacji zdrowotnej.<\/li>\n<li>W jednym czasie w bawialni mo\u017ce bawi\u0107 si\u0119 najwi\u0119cej 6 dzieci.<\/li>\n<li>Do odbioru dzieci z plac\u00f3wki upowa\u017cnieni s\u0105 tylko rodzice, opiekunowie prawni lub osoby przez nich wyznaczone pisemnie. Upowa\u017cnienie jest przechowywane wraz z dokumentacj\u0105 dziecka na terenie plac\u00f3wki<\/li>\n<li>Rodzice zobowi\u0105zani s\u0105 do <u>punktualnego<\/u> odbioru dziecka. Dodatkowa op\u0142ata za wyd\u0142u\u017cony czas. Op\u0142ata za ka\u017cd\u0105 rozpocz\u0119t\u0105 godzin\u0119 wynosi 20 z\u0142otych.<\/li>\n<li>Przed rozpocz\u0119ciem zabawy, zdejmujemy wierzchnie ubranie i \u00a0obuwie. Dezynfekujemy d\u0142onie.<\/li>\n<li>Za szkody spowodowane przez dzieci odpowiadaj\u0105 rodzice\/opiekunowie. S\u0105 oni zobowi\u0105zani do naprawy lub odkupienia uszkodzonych zabawek.<\/li>\n<li>Nie ponosimy odpowiedzialno\u015bci materialnej za rzeczy zgubione lub pozostawione na jej terenie. Nie ponosi odpowiedzialno\u015bci za szkody na mieniu i osobiste powsta\u0142e z winy wsp\u00f3\u0142uczestnik\u00f3w zabawy.<\/li>\n<li>Plac\u00f3wka zastrzega sobie prawo do dokonywania zmiany w regulaminie, o czym bezzw\u0142ocznie poinformuje rodzic\u00f3w (opiekun\u00f3w prawnych) korzystaj\u0105cych z us\u0142ug plac\u00f3wki.<\/li>\n<li>Wysoko\u015b\u0107 op\u0142at w cenniku mo\u017ce ulec zmianie.<\/li>\n<li>Dokumentem wi\u0105\u017c\u0105cym pomi\u0119dzy rodzicem (prawnym opiekunem) dziecka, a plac\u00f3wk\u0105 jest wype\u0142niona i podpisana karta zg\u0142oszenia oraz regulamin.<\/li>\n<\/ol>\n[\/vc_column_text][\/vc_column][\/vc_row][vc_row type=&#8221;in_container&#8221; full_screen_row_position=&#8221;middle&#8221; column_margin=&#8221;default&#8221; column_direction=&#8221;default&#8221; column_direction_tablet=&#8221;default&#8221; column_direction_phone=&#8221;default&#8221; scene_position=&#8221;center&#8221; text_color=&#8221;dark&#8221; text_align=&#8221;left&#8221; row_border_radius=&#8221;none&#8221; row_border_radius_applies=&#8221;bg&#8221; overlay_strength=&#8221;0.3&#8243; gradient_direction=&#8221;left_to_right&#8221; shape_divider_position=&#8221;bottom&#8221; bg_image_animation=&#8221;none&#8221;][vc_column column_padding=&#8221;no-extra-padding&#8221; column_padding_tablet=&#8221;inherit&#8221; column_padding_phone=&#8221;inherit&#8221; column_padding_position=&#8221;all&#8221; column_element_spacing=&#8221;default&#8221; background_color_opacity=&#8221;1&#8243; background_hover_color_opacity=&#8221;1&#8243; column_shadow=&#8221;none&#8221; column_border_radius=&#8221;none&#8221; column_link_target=&#8221;_self&#8221; gradient_direction=&#8221;left_to_right&#8221; overlay_strength=&#8221;0.3&#8243; width=&#8221;1\/1&#8243; tablet_width_inherit=&#8221;default&#8221; tablet_text_alignment=&#8221;default&#8221; phone_text_alignment=&#8221;default&#8221; bg_image_animation=&#8221;none&#8221; border_type=&#8221;simple&#8221; column_border_width=&#8221;none&#8221; column_border_style=&#8221;solid&#8221;][nectar_cta btn_style=&#8221;see-through&#8221; heading_tag=&#8221;h6&#8243; text_color=&#8221;#000000&#8243; button_color=&#8221;default&#8221; button_color_hover=&#8221;#eabaa6&#8243; link_type=&#8221;regular&#8221; alignment=&#8221;left&#8221; alignment_tablet=&#8221;default&#8221; alignment_phone=&#8221;default&#8221; display=&#8221;block&#8221; url=&#8221;https:\/\/bazanakrakowskiej.pl\/wp-content\/uploads\/2021\/08\/karta-zgloszenia-BAZA.docx&#8221; link_text=&#8221;Pobierz kart\u0119 zg\u0142oszenia!&#8221;][\/vc_column][\/vc_row]\n","protected":false},"excerpt":{"rendered":"<p>[vc_row type=&#8221;full_width_background&#8221; full_screen_row_position=&#8221;middle&#8221; column_margin=&#8221;default&#8221; column_direction=&#8221;default&#8221; column_direction_tablet=&#8221;default&#8221; column_direction_phone=&#8221;default&#8221; bg_color=&#8221;#ffffff&#8221; scene_position=&#8221;center&#8221; top_padding=&#8221;8%&#8221; constrain_group_1=&#8221;yes&#8221; bottom_padding=&#8221;8%&#8221; text_color=&#8221;dark&#8221; text_align=&#8221;left&#8221; row_border_radius=&#8221;none&#8221;&#8230;<\/p>\n","protected":false},"author":1,"featured_media":0,"parent":0,"menu_order":0,"comment_status":"closed","ping_status":"closed","template":"","meta":{"footnotes":""},"class_list":["post-6009","page","type-page","status-publish"],"jetpack_sharing_enabled":true,"_links":{"self":[{"href":"https:\/\/bazanakrakowskiej.pl\/index.php\/wp-json\/wp\/v2\/pages\/6009","targetHints":{"allow":["GET"]}}],"collection":[{"href":"https:\/\/bazanakrakowskiej.pl\/index.php\/wp-json\/wp\/v2\/pages"}],"about":[{"href":"https:\/\/bazanakrakowskiej.pl\/index.php\/wp-json\/wp\/v2\/types\/page"}],"author":[{"embeddable":true,"href":"https:\/\/bazanakrakowskiej.pl\/index.php\/wp-json\/wp\/v2\/users\/1"}],"replies":[{"embeddable":true,"href":"https:\/\/bazanakrakowskiej.pl\/index.php\/wp-json\/wp\/v2\/comments?post=6009"}],"version-history":[{"count":26,"href":"https:\/\/bazanakrakowskiej.pl\/index.php\/wp-json\/wp\/v2\/pages\/6009\/revisions"}],"predecessor-version":[{"id":7214,"href":"https:\/\/bazanakrakowskiej.pl\/index.php\/wp-json\/wp\/v2\/pages\/6009\/revisions\/7214"}],"wp:attachment":[{"href":"https:\/\/bazanakrakowskiej.pl\/index.php\/wp-json\/wp\/v2\/media?parent=6009"}],"curies":[{"name":"wp","href":"https:\/\/api.w.org\/{rel}","templated":true}]}}