{"id":8037,"date":"2024-08-27T16:14:20","date_gmt":"2024-08-27T14:14:20","guid":{"rendered":"https:\/\/bazanakrakowskiej.pl\/?page_id=8037"},"modified":"2024-10-21T10:49:59","modified_gmt":"2024-10-21T08:49:59","slug":"spotkania-z-psychodietykiem-rodzinnym","status":"publish","type":"page","link":"https:\/\/bazanakrakowskiej.pl\/index.php\/spotkania-z-psychodietykiem-rodzinnym\/","title":{"rendered":"Spotkania z psychodietykiem rodzinnym"},"content":{"rendered":"[vc_row type=&#8221;in_container&#8221; full_screen_row_position=&#8221;middle&#8221; column_margin=&#8221;default&#8221; column_direction=&#8221;default&#8221; column_direction_tablet=&#8221;default&#8221; column_direction_phone=&#8221;default&#8221; scene_position=&#8221;center&#8221; text_color=&#8221;dark&#8221; text_align=&#8221;left&#8221; row_border_radius=&#8221;none&#8221; row_border_radius_applies=&#8221;bg&#8221; overlay_strength=&#8221;0.3&#8243; gradient_direction=&#8221;left_to_right&#8221; shape_divider_position=&#8221;bottom&#8221; bg_image_animation=&#8221;none&#8221;][vc_column column_padding=&#8221;no-extra-padding&#8221; column_padding_tablet=&#8221;inherit&#8221; column_padding_phone=&#8221;inherit&#8221; column_padding_position=&#8221;all&#8221; column_element_spacing=&#8221;default&#8221; background_color_opacity=&#8221;1&#8243; background_hover_color_opacity=&#8221;1&#8243; column_shadow=&#8221;none&#8221; column_border_radius=&#8221;none&#8221; column_link_target=&#8221;_self&#8221; gradient_direction=&#8221;left_to_right&#8221; overlay_strength=&#8221;0.3&#8243; width=&#8221;2\/3&#8243; tablet_width_inherit=&#8221;default&#8221; tablet_text_alignment=&#8221;default&#8221; phone_text_alignment=&#8221;default&#8221; bg_image_animation=&#8221;none&#8221; border_type=&#8221;simple&#8221; column_border_width=&#8221;none&#8221; column_border_style=&#8221;solid&#8221;][vc_column_text]\u2022 Pragniesz zmieni\u0107 schematy \u017cywieniowe w swoim domu i nie wiesz jak si\u0119 za to zabra\u0107, aby by\u0142o zdrowo i bez restrykcyjnych diet?<br \/>\n\u2022 Bezskutecznie walczysz z nadwag\u0105 i marzysz o zgrabniejszej sylwetce?<br \/>\n\u2022 Mo\u017ce nie wiesz co zrobi\u0107 aby poprawi\u0107 swoje wyniki bada\u0144 i pozby\u0107 si\u0119 dolegliwo\u015bci?<br \/>\n\u2022 Masz w\u0105tpliwo\u015bci, czy kto\u015b z Twoich bliskich zmaga si\u0119 z zaburzeniami od\u017cywiania?<br \/>\n<strong>Zadbaj o zdrowie swojej rodziny!\u00a0<\/strong><\/p>\n<p><strong>PRZYJD\u0179 NA WARSZTATY I SPOTKANIA\u00a0 Z PSYCHODIETETYKIEM RODZINNYM!<\/strong><\/p>\n<p>Poruszmy zagadnienia z zakresu \u017cywienia dzieci, m\u0142odzie\u017cy i doros\u0142ych, a w szczeg\u00f3lno\u015bci:<\/p>\n<p>\u2022\u00a0budowania zdrowych nawyk\u00f3w \u017cywieniowych<br \/>\n\u2022 diety w oty\u0142o\u015bci i nadwadze<br \/>\n\u2022\u00a0 leczenia zaburze\u0144 i chor\u00f3b dietozale\u017cnych<span style=\"font-size: 10pt;\"> <em>(cukrzyca typu II, insulinooporno\u015b\u0107, choroby uk\u0142adu kr\u0105\u017cenia, tarczycy i inne)<\/em><\/span><br \/>\n\u2022\u00a0 zaburze\u0144 od\u017cywiania (<em><span style=\"font-size: 10pt;\">anoreksja-jad\u0142owstr\u0119t psychoiczny , bulimia-\u017car\u0142oczno\u015b\u0107 psychiczna, zaburzenia z napadami objadania si\u0119, zesp\u00f3\u0142 jedzenia nocnego, ortoreksja)<\/span><\/em><\/p>\n<p>Ka\u017cda 3 \u015broda miesi\u0105ca<br \/>\n(harmonogram spotka\u0144 podawany na bie\u017c\u0105co)<\/p>\n<p>godz.17:00-18:00\/ sala kreatywna<\/p>\n<p>Zapisy: 535 415 500<\/p>\n<p><strong>Zaj\u0119cia poprowadzi Agnieszka Szyd\u0142o &#8211; psychodietetyk rodzinny.<\/strong><br \/>\nKilka s\u0142\u00f3w od prowadz\u0105cej:<\/p>\n<p><em>Zapraszam na spotkania edukacyjno-warsztatowe. Jestem psychodietetykiem rodzinnym. Ucz\u0119 zmienia\u0107 nawyki \u017cywieniowe w spos\u00f3b przyjazny i skuteczny. Przygotowa\u0142am seri\u0119 spotka\u0144 dla os\u00f3b w ka\u017cdym wieku.<\/em><br \/>\n<em>Dwa pierwsze z cyklu spotka\u0144 s\u0105 w formie bezp\u0142atnych wyk\u0142ad\u00f3w teoretycznych z mo\u017cliwo\u015bci\u0105 wst\u0119pnej konsultacji i rozmowy- w zale\u017cno\u015bci od zainteresowania uczestnik\u00f3w. <\/em><br \/>\n<em>Kolejne spotkania b\u0119d\u0105 praktyczne i dotyczy\u0107 b\u0119d\u0105 konkretnych zagadnie\u0144 (koszt 40-70 z\u0142 \/ osob\u0119 w zale\u017cno\u015bci od zagadnienia i przygotowanych materia\u0142\u00f3w).<\/em>[\/vc_column_text][\/vc_column][vc_column column_padding=&#8221;no-extra-padding&#8221; column_padding_tablet=&#8221;inherit&#8221; column_padding_phone=&#8221;inherit&#8221; column_padding_position=&#8221;all&#8221; column_element_spacing=&#8221;default&#8221; background_color_opacity=&#8221;1&#8243; background_hover_color_opacity=&#8221;1&#8243; column_shadow=&#8221;none&#8221; column_border_radius=&#8221;none&#8221; column_link_target=&#8221;_self&#8221; gradient_direction=&#8221;left_to_right&#8221; overlay_strength=&#8221;0.3&#8243; width=&#8221;1\/3&#8243; tablet_width_inherit=&#8221;default&#8221; tablet_text_alignment=&#8221;default&#8221; phone_text_alignment=&#8221;default&#8221; bg_image_animation=&#8221;none&#8221; border_type=&#8221;simple&#8221; column_border_width=&#8221;none&#8221; column_border_style=&#8221;solid&#8221;][image_with_animation image_url=&#8221;8042&#8243; animation=&#8221;Fade In&#8221; hover_animation=&#8221;none&#8221; alignment=&#8221;&#8221; border_radius=&#8221;none&#8221; box_shadow=&#8221;none&#8221; image_loading=&#8221;default&#8221; max_width=&#8221;100%&#8221; max_width_mobile=&#8221;default&#8221;][\/vc_column][\/vc_row][vc_row type=&#8221;in_container&#8221; full_screen_row_position=&#8221;middle&#8221; column_margin=&#8221;default&#8221; column_direction=&#8221;default&#8221; column_direction_tablet=&#8221;default&#8221; column_direction_phone=&#8221;default&#8221; scene_position=&#8221;center&#8221; text_color=&#8221;dark&#8221; text_align=&#8221;left&#8221; row_border_radius=&#8221;none&#8221; row_border_radius_applies=&#8221;bg&#8221; overlay_strength=&#8221;0.3&#8243; gradient_direction=&#8221;left_to_right&#8221; shape_divider_position=&#8221;bottom&#8221; bg_image_animation=&#8221;none&#8221;][vc_column column_padding=&#8221;no-extra-padding&#8221; column_padding_tablet=&#8221;inherit&#8221; column_padding_phone=&#8221;inherit&#8221; column_padding_position=&#8221;all&#8221; column_element_spacing=&#8221;default&#8221; background_color_opacity=&#8221;1&#8243; background_hover_color_opacity=&#8221;1&#8243; column_shadow=&#8221;none&#8221; column_border_radius=&#8221;none&#8221; column_link_target=&#8221;_self&#8221; gradient_direction=&#8221;left_to_right&#8221; overlay_strength=&#8221;0.3&#8243; width=&#8221;1\/1&#8243; tablet_width_inherit=&#8221;default&#8221; tablet_text_alignment=&#8221;default&#8221; phone_text_alignment=&#8221;default&#8221; bg_image_animation=&#8221;none&#8221; border_type=&#8221;simple&#8221; column_border_width=&#8221;none&#8221; column_border_style=&#8221;solid&#8221;][image_with_animation image_url=&#8221;8126&#8243; animation=&#8221;Fade In&#8221; hover_animation=&#8221;none&#8221; alignment=&#8221;&#8221; border_radius=&#8221;none&#8221; box_shadow=&#8221;none&#8221; image_loading=&#8221;default&#8221; max_width=&#8221;100%&#8221; max_width_mobile=&#8221;default&#8221;][\/vc_column][\/vc_row]\n","protected":false},"excerpt":{"rendered":"<p>[vc_row type=&#8221;in_container&#8221; full_screen_row_position=&#8221;middle&#8221; column_margin=&#8221;default&#8221; column_direction=&#8221;default&#8221; column_direction_tablet=&#8221;default&#8221; column_direction_phone=&#8221;default&#8221; scene_position=&#8221;center&#8221; text_color=&#8221;dark&#8221; text_align=&#8221;left&#8221; row_border_radius=&#8221;none&#8221; row_border_radius_applies=&#8221;bg&#8221; overlay_strength=&#8221;0.3&#8243; gradient_direction=&#8221;left_to_right&#8221; shape_divider_position=&#8221;bottom&#8221;&#8230;<\/p>\n","protected":false},"author":1,"featured_media":0,"parent":0,"menu_order":0,"comment_status":"closed","ping_status":"closed","template":"","meta":{"footnotes":""},"class_list":["post-8037","page","type-page","status-publish"],"jetpack_sharing_enabled":true,"_links":{"self":[{"href":"https:\/\/bazanakrakowskiej.pl\/index.php\/wp-json\/wp\/v2\/pages\/8037","targetHints":{"allow":["GET"]}}],"collection":[{"href":"https:\/\/bazanakrakowskiej.pl\/index.php\/wp-json\/wp\/v2\/pages"}],"about":[{"href":"https:\/\/bazanakrakowskiej.pl\/index.php\/wp-json\/wp\/v2\/types\/page"}],"author":[{"embeddable":true,"href":"https:\/\/bazanakrakowskiej.pl\/index.php\/wp-json\/wp\/v2\/users\/1"}],"replies":[{"embeddable":true,"href":"https:\/\/bazanakrakowskiej.pl\/index.php\/wp-json\/wp\/v2\/comments?post=8037"}],"version-history":[{"count":7,"href":"https:\/\/bazanakrakowskiej.pl\/index.php\/wp-json\/wp\/v2\/pages\/8037\/revisions"}],"predecessor-version":[{"id":8127,"href":"https:\/\/bazanakrakowskiej.pl\/index.php\/wp-json\/wp\/v2\/pages\/8037\/revisions\/8127"}],"wp:attachment":[{"href":"https:\/\/bazanakrakowskiej.pl\/index.php\/wp-json\/wp\/v2\/media?parent=8037"}],"curies":[{"name":"wp","href":"https:\/\/api.w.org\/{rel}","templated":true}]}}